) be the third derivative of 17*q**5/60 - q**4/8 - q**3/3 + 58*q**2 + 11*q. Determine g(-1).
18
Let w(o) = -5*o + 151. Let v be w(30). Let s(t) = -1 + v - 33*t**2 + 2 + 32*t**2. Determine s(4).
-14
Suppose 3*f + 5*g = -359 + 330, 5*g + 33 = -f. Let v(a) be the first derivative of 4*a**2 - 26 - f*a**3 - 6*a + 1/4*a**4. What is v(5)?
9
Let g(b) = 52*b + 8 - 147*b - 34 + 64*b + 50*b. Calculate g(7).
107
Let n be (-10)/(-6) - (200/(-24) + 9). Let g be (30/(-18))/((-1)/12). Let l(i) = g - 11 - i - 9. What is l(n)?
-1
Let r = 309 + -319. Let t be 4/(14/(-175)*r). Let m(q) = -q**3 + 6*q**2 - 4*q + 6. Determine m(t).
11
Let w(f) = f**2 - 41*f - 228. Suppose 29*a - 17 = 607 + 710. Calculate w(a).
2
Let a(b) = 3428 + 0*b**2 + b**2 - 1703 + b - 1668 + b**3. What is a(0)?
57
Suppose -3*x - 2 + 14 = 0. Suppose -h - v = v + 4, 5*h - x = -2*v. Let l(n) = -n**3 - n**2 + 2*n + 1. Calculate l(h).
-7
Let s(n) = 1 - 4 - 457*n + 4*n**2 + 886*n - 432*n - n**3. Suppose 5*c - 12 = 8. Determine s(c).
-15
Let b(p) be the first derivative of p**7/840 - p**6/24 - 2*p**5/15 + p**4/6 + 3*p**3 - 62. Let r(g) be the third derivative of b(g). Give r(16).
4
Let i(p) be the third derivative of p**4/6 - 2*p**3 - 7137*p**2. What is i(-1)?
-16
Let j(l) = l**3 + 2*l**2 - 2*l + 1. Let x(t) = 9*t - 13. Let w be x(2). Suppose -5*h + 2*v - 7 = -23, -3*h - 9 = w*v. Calculate j(h).
13
Let a be ((-9)/(-5))/(9/270)*3/(-9). Let b(x) = -x**2 - 17*x + 25. Calculate b(a).
7
Let y(w) be the second derivative of w**2 + 0 + 1/6*w**3 - 1/12*w**4 + w - 1/20*w**5. Suppose -40898*p = q - 40894*p - 14, 0 = -3*q - p + 9. Determine y(q).
-8
Let r(h) be the first derivative of 0*h**3 - 7/4*h**4 + 0*h**2 + 0*h + 222. Give r(1).
-7
Let y(f) = -6*f + 25. Let a(t) = -14*t + 78. Let z(g) = 5*a(g) - 14*y(g). Determine z(-4).
-16
Let z(k) = -k**3 - k**2 + 3*k. Suppose -1211*g + 1216*g = -5*j + 15, -2*g = 5*j - 15. Calculate z(j).
-27
Let x be 2/((33/6)/11). Suppose 0 = 2*a - l - 11, -3*a = l - 5 - x. Let b(w) = w**2 + 1. Determine b(a).
17
Let k(c) be the second derivative of -c**6/120 - c**5/12 + c**4/12 - 7*c**3/6 + 74*c**2 - 51*c. Let z(o) be the first derivative of k(o). What is z(-6)?
17
Let g(u) = 24*u**3 - 10*u**2 + 32109 - 32095 + 6*u - 23*u**3. Determine g(9).
-13
Suppose 4*n - 30 = 3*x, 2*n + 2*x + 33 - 27 = 0. Let z(p) = -2*p**3 + 5*p**2 - 2*p + 7. Calculate z(n).
-8
Suppose -11 = 2*y - y. Let i(x) be the second derivative of x**5/20 + 11*x**4/12 - 3*x**2 + 8281*x - 2. Calculate i(y).
-6
Suppose 2*v - z = -4*z + 39, 2*v - 2*z - 44 = 0. Let u(h) = -3 + 22*h - 66*h + 24*h + v*h. Determine u(0).
-3
Suppose -4*q = 5*o - 26, 5 = -q + 5*o - 1. Suppose 4*l + q = 44. Let j(m) = m**2 - 10*m + 2. Determine j(l).
2
Let z(p) = p**2 - 7*p - 12. Let o be z(9). Let m(n) = o*n**3 + 11*n**3 + 6 - 16*n**3 + n + n**2. Give m(0).
6
Let x = 293 - 275. Suppose -2*u - 28 = 2*z, -u - 3*z = x + 2. Let v(f) = -2*f - 13. Calculate v(u).
9
Let w(j) = -j**3 - 13*j**2 + 13*j - 9. Let x be w(-14). Suppose -x*p = -5*v - 7 - 48, 37 = -4*v - 3*p. Let i(b) = b**2 + 8*b - 12. Determine i(v).
8
Let u = 22714 + -22720. Let v(c) = 4*c**3 + 24*c**2 - 4*c - 20. What is v(u)?
4
Let u(v) = -v**3 + 5*v**2 + v - 4. Let h(t) = -33 + 20*t - 16 - 29*t + 1. Let f be h(-6). Determine u(f).
-34
Let z(p) = -p**2 - 4*p - 1. Let b be z(-3). Suppose 1 = 5*n + 6, -1 = -3*w - b*n. Suppose i + 3 - w = 0. Let h(m) = -2*m**2 - m - 2. Give h(i).
-8
Let k(y) be the third derivative of -y**6/360 + y**5/40 + 5*y**4/24 - 83*y**3/3 - 230*y**2. Let b(p) be the first derivative of k(p). Determine b(-6).
-49
Let a(u) = 29 - u - 13 - 17 + 3*u**2 + 2. Determine a(7).
141
Let s = 68 - 63. Let f(i) = -20265 - s*i + 2*i + 20259. Let q = 13 - 17. What is f(q)?
6
Let p(f) be the third derivative of 7*f**4/24 - 52*f**3/3 - 5548*f**2. Determine p(14).
-6
Let s(d) = d**3 + 5*d**2 - 5*d + 7. Let r be s(-6). Let z(j) = j**2 - 21*j**3 + 4*j + 5*j**2 + 20*j**3 + r. Give z(7).
-20
Let s = 111 - 96. Let u(b) = 9 + s - 24 - 12*b. Calculate u(3).
-36
Suppose 3*g + 13 = -y + 19, -g = 2*y + 18. Let x(i) = -i**2 - 17*i - 64. Give x(y).
-4
Let x(p) be the second derivative of -2*p**3/3 + 2*p**2 + 2*p - 62. Suppose 43 = 3*n - c, n - 5*n + 70 = 5*c. Let b = 12 - n. Determine x(b).
16
Let j(d) = 23*d + 25. Let k be j(-1). Let r(o) = 33146*o + 4*o**2 - 33133*o - o**3 + 3*o**k - 9. What is r(8)?
31
Let m(t) be the second derivative of t**7/840 + t**6/72 + t**5/120 + t**4/6 - 7*t**3/3 - 105*t. Let h(i) be the second derivative of m(i). Calculate h(-4).
16
Let u(g) = -2*g**2 + 3*g + 11. Suppose 107 = 148*p + 403. Determine u(p).
-3
Let u(j) = j**3 + 10*j**2 + j + 13. Suppose -391 = -4*r + z, 6*z - 276 = -3*r + z. Let k = 87 - r. What is u(k)?
3
Let b be ((-168)/70)/(3/3) + 4/10. Let s(v) = -11*v**3 - 4*v**2 - 2*v + 2. Determine s(b).
78
Let b(z) be the first derivative of z**4/4 + 19*z**3/3 + 7*z**2 - 66*z + 1482. What is b(-18)?
6
Let n(u) be the second derivative of u**5/20 - 2*u**4/3 - 2*u**3 + 11*u**2/2 + 4849*u. Suppose 4 + 5 = v. Give n(v).
-16
Let d(w) = -2*w**2 + 11*w + 18. Let y be -21*((-45)/(-15) - 30/9). Calculate d(y).
-3
Let h(m) = m**3 - 2*m**2 - 142*m + 654. Let g be h(5). Let a(n) = n + 13. Determine a(g).
32
Let f be 2*((-5)/10 - 6). Let g(h) be the second derivative of -h**3/6 - 7*h**2 + h. Let l be g(f). Let r(k) = 5*k**2 - 1. Determine r(l).
4
Let n(s) = 29*s + 167. Suppose 4 = t - 2*h, -13*h + 14*h = -5*t - 35. What is n(t)?
-7
Let k(l) = -144*l - 416. Let v(i) = 57*i + 167. Let t(z) = 11*k(z) + 28*v(z). Give t(-7).
16
Let y(w) = w - 18. Let v(z) = z**3 - 19*z**2 + 91*z - 17. Let f be v(11). Determine y(f).
-2
Suppose -2*m = 2037 - 2141. Suppose m - 74 = 11*s. Let h(l) = -l**2 - 7*l - 2. Give h(s).
8
Suppose -4*z + 61 + 51 = 0. Let d be (-68)/(-7) - (-8)/z. Let x(n) = -75 + 25 + 2*n + 25 + 11. Calculate x(d).
6
Let p(k) be the second derivative of -k**5/10 + 17*k**4/12 - 16*k**3/3 + 13*k**2/2 - 2*k - 60. Give p(6).
1
Let p be 2 + (-176)/132*(210/(-8))/5. Let y(n) = -n**2 + 10*n + 16. Give y(p).
25
Let v be (-62 - -64)*(-9)/6 - (-4 + 1). Let n(i) = 13*i - 7. Give n(v).
-7
Suppose 2*f = -f + 6. Let n(b) = 106*b + 96. Let q(w) = 12*w + 11. Let r(l) = 4*n(l) - 35*q(l). Give r(f).
7
Let k(c) = -c**3 - 21*c**2 - 63*c + 6. Let q(z) = -2*z**2 + 3*z - 5. Let u(y) = k(y) - 2*q(y). Determine u(-10).
6
Let g(u) = -u**3 - 3*u + 1. Let d(c) = 8*c**3 + 7*c**2 + 17*c - 9. Let n(x) = -d(x) - 5*g(x). Determine n(-2).
4
Let y(u) = -u**3 + 3*u**2 + 3*u - 6. Let o be y(4). Let k = 4 + o. Let d(f) = -1563*f**3 + 8 - 7*f + 9*f**2 + 1564*f**3 + f - 4*f**2. What is d(k)?
8
Let i(q) = q**2 + 6*q + 6. Suppose -77*g + 75*g + 14 = 0. Let k(f) = 3*f**2 + 17*f + 15. Let y(b) = g*i(b) - 2*k(b). What is y(-6)?
0
Let p(v) be the third derivative of -v**6/120 + v**5/5 - 2*v**4/3 + 11*v**3/3 + 873*v**2 + 2*v + 4. Determine p(10).
62
Let z(r) = 2*r - 2. Let q(k) = 8*k**2 + 7*k - 10. Let g(n) = 2*n**2 - 2*n. Let v(c) = 3*g(c) - q(c). Let b(m) = -v(m) - 5*z(m). Give b(-2).
2
Let z(g) = -8*g + 12. Let h(k) = 5 + 2 + 7 + 11 - 18*k - 3. Let b(d) = 2*h(d) - 5*z(d). Determine b(5).
4
Let x(c) = 698*c + 97*c**3 - 12*c**2 - 11 - 696*c - 96*c**3. Calculate x(12).
13
Let b(g) be the first derivative of g**4/2 - 10*g**3/3 + 19*g**2/2 - 9*g + 7908. What is b(2)?
5
Let p(s) be the second derivative of -s**3/6 - 9*s**2 + 4*s - 19. Give p(-10).
-8
Let q(m) = 1 + 670*m**2 - 7*m - 1314*m**2 + 2*m**3 + 640*m**2 - m**3. Determine q(6).
31
Let n(g) = 4*g**2 - 12*g + 7. Let i(f) = 3*f**2 - 7*f + 4. Let w(h) = -5*i(h) + 3*n(h). What is w(-2)?
-9
Let a(j) = -16*j**2 - 4*j + 3. Suppose -6*r = 6 + 6, 5*q + r - 3 = 0. Determine a(q).
-17
Let s(b) = b + 4. Let f be (1 + 0)*-2 - 142/(-2). Let x = f - 39. Suppose 0 = 2*u + 4*u + x. Determine s(u).
-1
Let z(c) = c**3 - 694*c**2 + 35 + 11*c - 21 + 63 + 698*c**2. Give z(-5).
-3
Let w(z) be the first derivative of z**5/60 + z**4/2 + 7*z**3/6 + 39*z**2 - 155. Let q(d) be the second derivative of w(d). Give q(-5).
-28
Let n(g) = -g**2 + 46*g - 205. Suppose -82*f - 9 = -92*f + 401. Give n(f).
0
Suppose 0 = 6*o - o. Let h be -1 - (-14)/7 - 1. Let l(p) = p + h*p - 11 - p**2 - 6 - 2*p. Calculate l(o).
-17
Let c = 8253 + -8238. Let f(y) = -y**2 + 16*y - 20. Determine f(c).
-5
Let z(f) = -3*f + 2.